emainder when n is divided by -6*4/42 - (-790)/35?
11
Suppose -4*q = -3*p + 1532, 5*q - 745 - 2293 = -6*p. Calculate the remainder when p is divided by 16.
12
Suppose i = -3*i - 352. Let q = 188 + i. Suppose -4*u + q = -32. What is the remainder when u is divided by 7?
5
Suppose -4*a + 2*y = -220, -3*y - 46 + 52 = 0. Calculate the remainder when 66 is divided by a.
10
Suppose 0 = 5*l + i - 287, -2*i - 296 = -10*l + 5*l. Calculate the remainder when l is divided by 12.
10
Let q = -562 + 601. Calculate the remainder when 21 is divided by -1*5 - (-702)/q.
8
Suppose -87*a + 9070 + 912 = 934. Calculate the remainder when a is divided by 5.
4
Let v(o) = -175 + 41*o + 366 - 176 + o**2. Calculate the remainder when 453 is divided by v(-42).
54
Let u(d) = 21*d + 54. Let z be u(-6). Let l = z + 134. Calculate the remainder when l is divided by 16.
14
Let a = 3 - -194. Suppose 3*l + a = 4*l + x, -418 = -2*l + 4*x. Suppose 5*z - 3*i = -5*i + 216, 3*i + l = 5*z. What is the remainder when 82 is divided by z?
40
Suppose -264*u + 925 = -2243. Calculate the remainder when 45034 is divided by u.
10
Let g = -671 - -949. Suppose 0 = -5*h + 92 + g. Suppose 2*r + 6 = h. Calculate the remainder when 169 is divided by r.
33
Suppose -3 = 20*y - 21*y. Let w be 95*(y - (-13)/(-5)). Suppose 5*d - w = -8. What is the remainder when d is divided by 4?
2
Let n = 193 + -201. Calculate the remainder when 124 is divided by (85/n - (-4)/32)*-6.
61
Suppose -10*n = 109 + 371. Suppose -2*m = 3*m - 710. Calculate the remainder when m is divided by n*-3*1/9.
14
Let a(o) = -3*o**3 - 353*o**2 + 117*o - 85. What is the remainder when 3825 is divided by a(-118)?
30
Suppose -8*b + 431 = -881. Calculate the remainder when b is divided by ((-35)/28 + (-6)/(-8))*-28.
10
Let p be -2 - (0 - 4) - 69*2. Let w = 144 + p. Calculate the remainder when w is divided by 8.
0
Suppose 0 = 8*h - 74 - 14. Suppose -7*s - 260 = -h*s. Suppose -y = 3*x - 53, -5*x = -0*y - 3*y - s. Calculate the remainder when 63 is divided by x.
15
Let n = -92 + 122. What is the remainder when -19 + 15 - (-2 + -5*19) is divided by n?
3
Let a(l) = 28*l + 222. Let x = 34 + -5. Suppose -3*p = -s + 4 - x, -12 = 3*s. What is the remainder when a(-7) is divided by p?
5
Let x(w) = -19*w + 3. Let i be x(6). Calculate the remainder when (-1)/((-108)/i + -1) is divided by 868/(-49) + 18 + 68/7.
7
What is the remainder when (-320 - -2)/((-17)/(374/4)) is divided by 7?
6
Let f = -531 - -975. Let l(q) = -q + 12. Calculate the remainder when f is divided by l(7).
4
Let k(f) be the third derivative of f**6/40 - 13*f**5/60 + f**4/2 - 5*f**3/2 + 3*f**2 + 4. What is the remainder when k(5) is divided by 32?
31
Suppose 0 = -s + 5*k - 15, -3*s + 2*k = -k + 9. Suppose s = -2*w - 1 + 9. Suppose y - 3 = 16. What is the remainder when y is divided by w?
3
Let w be -10 + 13 + (-2)/(-1). Suppose 323 = 3*b - 0*x + 2*x, -5*b + 530 = w*x. Calculate the remainder when b is divided by 24 + (-1 - -3)/(19/38).
27
Suppose -10*l + 1154 = -4*l + g, 5*g + 182 = l. Calculate the remainder when 406 is divided by l.
22
Let a = 4477 + -4459. What is the remainder when 1360 is divided by a?
10
Let j(n) = 2*n**2 - 3*n. Let b(k) = -k + 7. Let a = 64 - 66. Calculate the remainder when b(a) is divided by j(2).
1
Let j(u) = 7*u**2 - 2*u + 1. Suppose -5*k = -6 + 1. Let z be j(k). Calculate the remainder when 52 is divided by (z - (-2 - 0))*(-30)/(-12).
12
Let j be (-22 + 20/5)*-1. Let k = j - -2. Suppose 2*z - 2*i = 102, 5*z - 300 + 21 = -i. What is the remainder when z is divided by k?
15
Suppose -5*v + 11 = -459. Let k = v - -42. Calculate the remainder when k is divided by 72.
64
Calculate the remainder when (96/(40/(-5)))/(1/((-25)/2)) is divided by 84.
66
Suppose 11*n = 1003 + 2616. What is the remainder when n is divided by 105?
14
Let j(o) = o - 9. Let b be j(14). Suppose 2*f = 9*r - b*r + 38, 0 = -5*r. What is the remainder when 90 is divided by f?
14
Suppose 2 = 5*j + 47. Let z = 86 + j. Calculate the remainder when z is divided by (0 - 16/(-3))/(32/240).
37
Let m(l) = -1073*l - 7539. What is the remainder when m(-8) is divided by 339?
28
Let y = 847 + -824. What is the remainder when 64 is divided by y?
18
Suppose -13*s = 98 + 1696. Let x = 241 + s. Calculate the remainder when x is divided by 26.
25
Let s(r) = 2*r. Suppose 187*v + 192*v + 1136 = 387*v. Calculate the remainder when v is divided by s(9).
16
Suppose -3*a + 1 = -29. Let m be 160/(-560) - (1774/14 - 1). Calculate the remainder when (-151)/(-9) - 28/m is divided by a.
7
Let n(c) = -7*c + 2 + 4*c - c. Let r be n(19). What is the remainder when (-6 - (-4 - -1))/(3/r) is divided by 11?
8
Suppose 5*v + 64 = 5*y - 26, -3*y - 5*v + 46 = 0. Let c = y - 13. What is the remainder when 139 is divided by 32 + (-1)/(c/(-12))?
34
Let b(t) = -30*t**3 - 7*t**2 - 2*t + 7. Let a be b(-3). Calculate the remainder when 21/42*a/2 is divided by 32.
30
Suppose -55 = 8*m - 255. Suppose 2*v = 4*y + 168, 3*v + 4*y - 84 = 2*v. Calculate the remainder when m is divided by 4/v*6 - 178/(-14).
12
Calculate the remainder when 5818 is divided by (-8)/((-112)/21) + (-711)/(-18).
37
Suppose 2*z - 12 = -2*z. Let g(l) = 35*l - 151. Let x be g(5). Suppose 0 = v + 5*q - x, 38 = 5*v - z*q + 2. What is the remainder when 26 is divided by v?
8
Suppose -96*k - 36 = -102*k. Calculate the remainder when 6497 is divided by k.
5
Suppose -2*n + 11 + 1 = 3*f, 4*n = -3*f + 12. Suppose -2*z = -f*z + 16. Suppose 82*o - 6027 = -138*o - 2727. What is the remainder when o is divided by z?
7
Let r(u) = u**3 + 6*u**2 - 5*u - 10. Let m = -46 + 67. Let y = m - 3. Calculate the remainder when r(-3) is divided by y.
14
Suppose 0 = 186093*h - 186068*h - 115400. What is the remainder when h is divided by 2302?
12
Let b = 1156 - 1127. Calculate the remainder when 403 is divided by b.
26
Let f = -69 + 166. Suppose 13*h - 7 = f. What is the remainder when 39*(h/(-14) - 22/(-14)) is divided by 14?
11
Suppose 15*t - g = 11*t + 78, 4*t = -6*g + 64. What is the remainder when 348 is divided by t?
6
Suppose -30*y = -13*y - 6*y. Let w(o) = -9*o + 5. Calculate the remainder when 127 is divided by w(y).
2
Let r(l) = -2*l**3 + 9*l**2 + 39. What is the remainder when 480 is divided by r(5)?
4
Suppose -2*o + 633 = 11. Let v = -37 + 39. Suppose v*z - 777 = -5*r, 2*r - 4*z - o = -5*z. Calculate the remainder when r is divided by 52.
51
Let y(k) = -k**3 + 3*k**2 - k + 1. Suppose 0 = -m + 7*m - 24. Suppose -f + 31 = -4*v, 4*f - 11 - 13 = -m*v. What is the remainder when f is divided by y(2)?
2
Let f(s) = -2*s**3 + 12*s**2 + s - 12. Let d = 15 - -9. Suppose -d - 36 = -5*c. Calculate the remainder when f(5) is divided by c.
7
Let m = 5939 - -29457. Calculate the remainder when m is divided by 19.
18
Suppose 6*b = 10*b - 96. Let n(j) = -28*j + b*j**2 - 5 - 56*j**3 + 50 + 57*j**3. Calculate the remainder when n(-25) is divided by 61.
59
Suppose 184*m = 206*m - 16544. Calculate the remainder when m is divided by 45.
32
Let b = 198 - 191. Suppose -l - 4*k = -30, 2*k + 2*k = 4. Calculate the remainder when l is divided by b.
5
Let a be (-392)/(-112) - 2/(-4). Suppose -3*q = -a*z - 48, 4*z = 3*z. What is the remainder when 267 is divided by q?
11
Let p = -32 + 34. Suppose 4*o - 4 = 0, n - p*o = 2*o - 10. Calculate the remainder when 21 is divided by (-1)/(-2) + (-33)/n.
3
Let c(p) = -4*p + 95. Let f(y) = y**2 - 14*y + 33. Let d be f(13). Calculate the remainder when 88 is divided by c(d).
13
Suppose 45*n - 6 - 669 = 0. Let g = 78 - 9. Suppose -3*v = -36 - g. What is the remainder when v is divided by n?
5
Let i(v) = 64*v - 4795. Suppose 0 = -9*t + 4*t + 25. Suppose -t*r + r + 56 = 0. Calculate the remainder when r is divided by i(75).
4
Suppose -29223 = -2*t - 4*f + 47595, 4*t - 153627 = -5*f. Suppose t = 19*s + 32*s. Calculate the remainder when s is divided by 26.
25
Suppose 657*y - 1318*y + 265 = -656*y. What is the remainder when 790 is divided by y?
48
Let h(f) = -f**3 - 4*f**2 - 3*f - 3. Let z be h(-4). Suppose z*w - 170 = -w. Let n = -15 - -26. Calculate the remainder when w is divided by n.
6
Let c = 3644 - 3582. What is the remainder when c is divided by 10?
2
Let w be 2/(-7) + (-12)/(-14)*5. Let x be ((-15)/w)/(2/(-8)). Suppose y - 17 = -5*l + x, l - 112 = -5*y. Calculat